?
True
Is 197522 a multiple of 29?
False
Is 95 a factor of 2318285?
True
Is 327 a factor of 282855?
True
Is 2360664 a multiple of 27?
True
Is 33 a factor of 186252?
True
Is 16005 a multiple of 55?
True
Is 2 a factor of 2509?
False
Is 1099522 a multiple of 2?
True
Does 164 divide 75525?
False
Is 50 a factor of 434050?
True
Does 180 divide 156131?
False
Is 3007162 a multiple of 86?
True
Does 29 divide 46417?
False
Is 2 a factor of 143167?
False
Is 28 a factor of 195132?
True
Is 110 a factor of 90600?
False
Does 516 divide 845208?
True
Does 26 divide 634868?
True
Is 98509 a multiple of 2?
False
Is 3 a factor of 278105?
False
Is 2765333 a multiple of 194?
False
Is 814670 a multiple of 115?
False
Does 22 divide 134764?
False
Is 23 a factor of 610512?
True
Is 11 a factor of 282669?
False
Is 29771585 a multiple of 89?
False
Is 251155 a multiple of 18?
False
Does 127 divide 82550?
True
Is 233 a factor of 1001320?
False
Does 23 divide 89327?
False
Does 46 divide 503882?
False
Is 1048972 a multiple of 14?
False
Does 255 divide 2592315?
False
Does 24 divide 21474648?
True
Is 247 a factor of 5960472?
False
Is 30144 a multiple of 32?
True
Does 9 divide 116505?
True
Is 31622 a multiple of 163?
True
Is 6072384 a multiple of 48?
True
Does 377 divide 326482?
True
Does 177 divide 1345554?
True
Is 91 a factor of 170776?
False
Is 45291 a multiple of 160?
False
Is 61 a factor of 3786163?
False
Is 43 a factor of 2994437?
False
Does 331 divide 3380341?
False
Does 5 divide 59686?
False
Does 91 divide 208754?
True
Is 7383816 a multiple of 198?
True
Is 5945404 a multiple of 38?
True
Does 26 divide 8716?
False
Does 25 divide 537825?
True
Does 20 divide 4921790?
False
Is 416 a factor of 1029184?
True
Does 72 divide 67896?
True
Is 39614 a multiple of 4?
False
Is 270277 a multiple of 7?
True
Is 2441050 a multiple of 19?
False
Is 422695 a multiple of 35?
True
Does 3 divide 2150?
False
Does 211 divide 976977?
False
Is 23187 a multiple of 16?
False
Is 16 a factor of 686590?
False
Is 477288 a multiple of 23?
False
Is 996095 a multiple of 193?
False
Is 8314211 a multiple of 842?
False
Is 78351 a multiple of 123?
True
Does 41 divide 38587?
False
Does 14 divide 536494?
True
Does 54 divide 1674162?
True
Is 191 a factor of 505924?
False
Does 17 divide 59687?
True
Is 1054424 a multiple of 14?
True
Is 266452 a multiple of 98?
False
Is 1641380 a multiple of 1070?
True
Is 35 a factor of 1241433?
False
Does 61 divide 92661?
False
Does 473 divide 875523?
True
Is 334 a factor of 451568?
True
Does 24 divide 95472?
True
Is 42 a factor of 959171?
False
Is 194504 a multiple of 8?
True
Does 98 divide 5565028?
True
Does 57 divide 75660?
False
Is 123 a factor of 215661?
False
Is 924577 a multiple of 61?
True
Is 22 a factor of 16720?
True
Is 9 a factor of 516699?
True
Is 13 a factor of 19513?
True
Is 142 a factor of 11455295?
False
Does 10 divide 77280?
True
Does 226 divide 195716?
True
Is 10890 a multiple of 110?
True
Does 2 divide 2197?
False
Does 64 divide 2703260?
False
Is 1632540 a multiple of 115?
True
Does 22 divide 356114?
True
Does 408 divide 885616?
False
Is 5353160 a multiple of 358?
False
Is 208778 a multiple of 15?
False
Is 642708 a multiple of 297?
True
Is 817455 a multiple of 177?
False
Does 56 divide 301947?
False
Is 156 a factor of 1417543?
False
Is 206 a factor of 5293425?
False
Does 23 divide 21065941?
False
Is 4 a factor of 27304?
True
Does 4 divide 1406699?
False
Is 14 a factor of 126611?
False
Is 29 a factor of 24333?
False
Does 298 divide 199660?
True
Is 35685 a multiple of 117?
True
Is 769355 a multiple of 10?
False
Is 318 a factor of 118296?
True
Is 64 a factor of 489984?
True
Is 40889 a multiple of 7?
False
Does 33 divide 6794601?
True
Does 37 divide 1183704?
True
Does 10 divide 173030?
True
Is 144 a factor of 5772672?
True
Is 4292518 a multiple of 71?
True
Is 819000 a multiple of 78?
True
Is 3 a factor of 1312641?
True
Does 242 divide 1131758?
False
Does 254 divide 4157726?
True
Does 13 divide 595441?
False
Does 13 divide 7636967?
True
Is 2310728 a multiple of 56?
True
Does 18 divide 201711?
False
Does 16 divide 19874368?
True
Is 10845443 a multiple of 53?
True
Is 4772460 a multiple of 12?
True
Is 12376 a multiple of 14?
True
Is 62753 a multiple of 156?
False
Does 63 divide 1710317?
False
Is 32291576 a multiple of 19?
False
Is 20 a factor of 3634320?
True
Is 11 a factor of 10925?
False
Is 84 a factor of 159432?
True
Is 405510 a multiple of 5?
True
Does 47 divide 18755808?
False
Is 2 a factor of 4818?
True
Does 4 divide 580320?
True
Does 636 divide 2778048?
True
Does 261 divide 219559?
False
Is 24 a factor of 147096?
True
Does 4 divide 21704?
True
Does 21 divide 1018643?
False
Does 35 divide 1402026?
False
Does 4 divide 65916?
True
Is 601632 a multiple of 34?
False
Is 234 a factor of 1268377?
False
Is 34 a factor of 101694?
True
Does 85 divide 85894?
False
Does 445 divide 2988879?
False
Is 2971680 a multiple of 240?
True
Is 13 a factor of 10749623?
False
Does 111 divide 486330?
False
Is 7077546 a multiple of 11?
False
Does 21 divide 24297?
True
Does 21 divide 940359?
True
Does 55 divide 2644730?
True
Is 470027 a multiple of 35?
False
Does 11 divide 5130515?
False
Is 368843 a multiple of 79?
False
Is 1874724 a multiple of 12?
True
Is 244670 a multiple of 174?
False
Does 7 divide 1510355?
True
Does 875 divide 4471250?
True
Does 38 divide 2950698?
False
Is 23 a factor of 236747?
False
Is 30 a factor of 5455290?
True
Does 8 divide 2856?
True
Is 6790842 a multiple of 1081?
True
Is 7 a factor of 1763475?
True
Is 93091 a multiple of 3?
False
Does 51 divide 36269?
False
Does 13 divide 83018?
True
Is 1504100 a multiple of 26?
True
Is 12 a factor of 8803392?
True
Does 46 divide 27317?
False
Is 20430792 a multiple of 369?
True
Is 331 a factor of 317465?
False
Does 7 divide 126609?
True
Is 540689 a multiple of 19?
False
Does 15 divide 588001?
False
Is 8271032 a multiple of 4?
True
Is 39067424 a multiple of 164?
True
Is 51 a factor of 281877?
True
Is 1048693 a multiple of 139?
False
Is 11290 a multiple of 5?
True
Is 45925 a multiple of 275?
True
Does 38 divide 465386?
True
Is 45 a factor of 2211001?
False
Does 8 divide 59875?
False
Does 187 divide 58119?
False
Is 102 a factor of 296310?
True
Does 37 divide 30556?
False
Is 326459 a multiple of 7?
True
Is 23 a factor of 171439?
False
Is 474 a factor of 5260926?
True
Is 2922387 a multiple of 19?
False
Is 731 a factor of 4578984?
True
Is 11037 a multiple of 13?
True
Is 132915 a multiple of 223?
False
Is 236248 a multiple of 2?
True
Does 7 divide 21413?
True
Is 3079900 a multiple of 190?
True
Does 106 divide 4875192?
False
Does 40 divide 1337504?
False
Is 10 a factor of 216969?
False
Is 227075 a multiple of 7?
False
Is 280520 a multiple of 348?
False
Is 8 a factor of 38825?
False
Does 32 divide 17248?
True
Is 21 a factor of 1534186?
False
Is 3930431 a multiple of 107?
True
Does 10 divide 87348?
False
Is 8 a factor of 626182?
False
Does 843 divide 10061705?
False
Does 355 divide 360325?
True
Is 19 a factor of 656572?
False
Does 346 divide 2817125?
False
Is 6404814 a multiple of 1160?
False
Is 15022653 a multiple of 309?
True
Is 180 a factor of 50479?
False
Is 90 a factor of 450810?
True
Does 348 divide 61944?
True
Is 99 a factor of 86158?
False
Is 1811388 a multiple of 23?
True
Does 5 divide 275711?
False
Is 798320 a multiple of 29?
False
Is 11 a factor of 393019?
True
Is 491 a factor of 12620757?
False
Does 876 divide 1751735?
False
Is 822 a factor of 2612844?
False
Does 4 divide 113346?
False
Does 117 divide 345384?
True
Is 47 a factor of 52692?
False
Is 673894 a multiple of 19?
False
Does 25 divide 636089?
False
Is 1271716 a multiple of 10?
False
Is 3 a factor of 40641?
True
Is 317506 a multiple of 47?
False
Does 644 divide 4378556?
True
Does 190 divide 4958194?
False
Does 224 divide 14584?
False
Does 10 divide 125590?
True
Is 133 a factor of 246085?
False
Is 17 a factor of 5374839?
True
Does 24 divide 259752?
True
Is 239074 a multiple of 22?
True
Is 993 a factor of 1974811?
False
Is 10981 a multiple of 5?
False
Is 814795 a multiple of 23?
False
Is 779254 a multiple of 15?
False
Is 141939 a multiple of 279?
False
Does 99 divide 2834370?
True
Is 691610 a multiple of 230?
True
Does 23 divide 270708?
False
Is 17884552 a multiple of 16